{"id":130,"date":"2020-09-15T06:48:39","date_gmt":"2020-09-15T06:48:39","guid":{"rendered":"https:\/\/borucino36.pl\/?page_id=130"},"modified":"2020-12-07T10:11:01","modified_gmt":"2020-12-07T09:11:01","slug":"projects","status":"publish","type":"page","link":"https:\/\/borucino36.pl\/?page_id=130","title":{"rendered":"Atrakcje"},"content":{"rendered":"\n<div class=\"wp-block-cover alignfull has-background-dim-30 has-background-dim\" style=\"background-image:url(https:\/\/borucino36.pl\/wp-content\/uploads\/2020\/11\/2A375ADE-B012-46D0-90E1-0247F0CA0AD8-scaled.jpeg);background-color:#040219;min-height:550px;aspect-ratio:unset;\"><div class=\"wp-block-cover__inner-container is-layout-flow wp-block-cover-is-layout-flow\">\n<h1 class=\"has-text-align-center has-white-color has-text-color wp-block-heading\">lokalne atrakcje<\/h1>\n<\/div><\/div>\n\n\n\n<div class=\"wp-block-group alignfull has-white-background-color has-background\"><div class=\"wp-block-group__inner-container is-layout-flow wp-block-group-is-layout-flow\">\n<h6 class=\"wp-block-heading\">Przygoda<\/h6>\n\n\n\n<h2 class=\"wp-block-heading\">sporty wodne<\/h2>\n\n\n\n<p>Atrakcje wodne w okolicznych jeziorach to nurkowanie, \u017cagle, kajaki no i oczywi\u015bcie p\u0142ywanie.<\/p>\n\n\n\n<figure class=\"wp-block-gallery columns-4 wp-block-gallery-1 is-layout-flex wp-block-gallery-is-layout-flex\"><ul class=\"blocks-gallery-grid\"><li class=\"blocks-gallery-item\"><figure><img loading=\"lazy\" decoding=\"async\" width=\"500\" height=\"540\" src=\"https:\/\/borucino36.pl\/wp-content\/uploads\/2020\/12\/www_borucino_06.jpg\" alt=\"\" data-id=\"457\" data-full-url=\"https:\/\/borucino36.pl\/wp-content\/uploads\/2020\/12\/www_borucino_06.jpg\" data-link=\"https:\/\/borucino36.pl\/?attachment_id=457\" class=\"wp-image-457\" srcset=\"https:\/\/borucino36.pl\/wp-content\/uploads\/2020\/12\/www_borucino_06.jpg 500w, https:\/\/borucino36.pl\/wp-content\/uploads\/2020\/12\/www_borucino_06-278x300.jpg 278w\" sizes=\"auto, (max-width: 500px) 100vw, 500px\" \/><\/figure><\/li><li class=\"blocks-gallery-item\"><figure><img loading=\"lazy\" decoding=\"async\" width=\"500\" height=\"540\" src=\"https:\/\/borucino36.pl\/wp-content\/uploads\/2020\/12\/www_borucino_07.jpg\" alt=\"\" data-id=\"460\" data-full-url=\"https:\/\/borucino36.pl\/wp-content\/uploads\/2020\/12\/www_borucino_07.jpg\" data-link=\"https:\/\/borucino36.pl\/?attachment_id=460\" class=\"wp-image-460\" srcset=\"https:\/\/borucino36.pl\/wp-content\/uploads\/2020\/12\/www_borucino_07.jpg 500w, https:\/\/borucino36.pl\/wp-content\/uploads\/2020\/12\/www_borucino_07-278x300.jpg 278w\" sizes=\"auto, (max-width: 500px) 100vw, 500px\" \/><\/figure><\/li><li class=\"blocks-gallery-item\"><figure><img loading=\"lazy\" decoding=\"async\" width=\"500\" height=\"540\" src=\"https:\/\/borucino36.pl\/wp-content\/uploads\/2020\/12\/www_borucino_04.jpg\" alt=\"\" data-id=\"456\" data-full-url=\"https:\/\/borucino36.pl\/wp-content\/uploads\/2020\/12\/www_borucino_04.jpg\" data-link=\"https:\/\/borucino36.pl\/?attachment_id=456\" class=\"wp-image-456\" srcset=\"https:\/\/borucino36.pl\/wp-content\/uploads\/2020\/12\/www_borucino_04.jpg 500w, https:\/\/borucino36.pl\/wp-content\/uploads\/2020\/12\/www_borucino_04-278x300.jpg 278w\" sizes=\"auto, (max-width: 500px) 100vw, 500px\" \/><\/figure><\/li><li class=\"blocks-gallery-item\"><figure><img loading=\"lazy\" decoding=\"async\" width=\"500\" height=\"540\" src=\"https:\/\/borucino36.pl\/wp-content\/uploads\/2020\/12\/954FD159-FA76-4D6E-9FDE-BEF68C3AC080.jpeg\" alt=\"\" data-id=\"465\" data-full-url=\"https:\/\/borucino36.pl\/wp-content\/uploads\/2020\/12\/954FD159-FA76-4D6E-9FDE-BEF68C3AC080.jpeg\" data-link=\"https:\/\/borucino36.pl\/?attachment_id=465\" class=\"wp-image-465\" srcset=\"https:\/\/borucino36.pl\/wp-content\/uploads\/2020\/12\/954FD159-FA76-4D6E-9FDE-BEF68C3AC080.jpeg 500w, https:\/\/borucino36.pl\/wp-content\/uploads\/2020\/12\/954FD159-FA76-4D6E-9FDE-BEF68C3AC080-278x300.jpeg 278w\" sizes=\"auto, (max-width: 500px) 100vw, 500px\" \/><\/figure><\/li><\/ul><\/figure>\n<\/div><\/div>\n\n\n\n<div class=\"wp-block-group alignfull has-background\" style=\"background-color:#f7f7f7\"><div class=\"wp-block-group__inner-container is-layout-flow wp-block-group-is-layout-flow\">\n<h6 class=\"wp-block-heading\">Przygoda na \u015bniegu<\/h6>\n\n\n\n<h2 class=\"wp-block-heading\">Sporty zimowe<\/h2>\n\n\n\n<p>Zim\u0105 na Kaszubach mo\u017cna te\u017c poszusowa\u0107 na stoku w Wie\u017cycy, ka\u017cdy znajdzie dla siebie jak\u0105\u015b atrakcj\u0119.<\/p>\n\n\n\n<figure class=\"wp-block-gallery columns-4 wp-block-gallery-2 is-layout-flex wp-block-gallery-is-layout-flex\"><ul class=\"blocks-gallery-grid\"><li class=\"blocks-gallery-item\"><figure><img loading=\"lazy\" decoding=\"async\" width=\"500\" height=\"540\" src=\"https:\/\/borucino36.pl\/wp-content\/uploads\/2020\/12\/zima-w-koszalkowie_500.jpg\" alt=\"\" data-id=\"432\" data-full-url=\"https:\/\/borucino36.pl\/wp-content\/uploads\/2020\/12\/zima-w-koszalkowie_500.jpg\" data-link=\"https:\/\/borucino36.pl\/?attachment_id=432\" class=\"wp-image-432\" srcset=\"https:\/\/borucino36.pl\/wp-content\/uploads\/2020\/12\/zima-w-koszalkowie_500.jpg 500w, https:\/\/borucino36.pl\/wp-content\/uploads\/2020\/12\/zima-w-koszalkowie_500-278x300.jpg 278w\" sizes=\"auto, (max-width: 500px) 100vw, 500px\" \/><figcaption class=\"blocks-gallery-item__caption\">Stok w Wie\u017cycy<\/figcaption><\/figure><\/li><li class=\"blocks-gallery-item\"><figure><img loading=\"lazy\" decoding=\"async\" width=\"500\" height=\"540\" src=\"https:\/\/borucino36.pl\/wp-content\/uploads\/2020\/12\/wiezyca_snowtubing_500.jpg\" alt=\"\" data-id=\"433\" data-full-url=\"https:\/\/borucino36.pl\/wp-content\/uploads\/2020\/12\/wiezyca_snowtubing_500.jpg\" data-link=\"https:\/\/borucino36.pl\/?attachment_id=433\" class=\"wp-image-433\" srcset=\"https:\/\/borucino36.pl\/wp-content\/uploads\/2020\/12\/wiezyca_snowtubing_500.jpg 500w, https:\/\/borucino36.pl\/wp-content\/uploads\/2020\/12\/wiezyca_snowtubing_500-278x300.jpg 278w\" sizes=\"auto, (max-width: 500px) 100vw, 500px\" \/><figcaption class=\"blocks-gallery-item__caption\">Wie\u017cyca snowtubing<\/figcaption><\/figure><\/li><li class=\"blocks-gallery-item\"><figure><img loading=\"lazy\" decoding=\"async\" width=\"500\" height=\"540\" src=\"https:\/\/borucino36.pl\/wp-content\/uploads\/2020\/12\/szymbark_kuligi_500.jpg\" alt=\"\" data-id=\"434\" data-full-url=\"https:\/\/borucino36.pl\/wp-content\/uploads\/2020\/12\/szymbark_kuligi_500.jpg\" data-link=\"https:\/\/borucino36.pl\/?attachment_id=434\" class=\"wp-image-434\" srcset=\"https:\/\/borucino36.pl\/wp-content\/uploads\/2020\/12\/szymbark_kuligi_500.jpg 500w, https:\/\/borucino36.pl\/wp-content\/uploads\/2020\/12\/szymbark_kuligi_500-278x300.jpg 278w\" sizes=\"auto, (max-width: 500px) 100vw, 500px\" \/><figcaption class=\"blocks-gallery-item__caption\">Kulig<\/figcaption><\/figure><\/li><li class=\"blocks-gallery-item\"><figure><img loading=\"lazy\" decoding=\"async\" width=\"500\" height=\"540\" src=\"https:\/\/borucino36.pl\/wp-content\/uploads\/2020\/12\/wiezyca-koszalkowo_500.jpg\" alt=\"\" data-id=\"435\" data-full-url=\"https:\/\/borucino36.pl\/wp-content\/uploads\/2020\/12\/wiezyca-koszalkowo_500.jpg\" data-link=\"https:\/\/borucino36.pl\/?attachment_id=435\" class=\"wp-image-435\" srcset=\"https:\/\/borucino36.pl\/wp-content\/uploads\/2020\/12\/wiezyca-koszalkowo_500.jpg 500w, https:\/\/borucino36.pl\/wp-content\/uploads\/2020\/12\/wiezyca-koszalkowo_500-278x300.jpg 278w\" sizes=\"auto, (max-width: 500px) 100vw, 500px\" \/><\/figure><\/li><\/ul><\/figure>\n<\/div><\/div>\n\n\n\n<div class=\"wp-block-group alignfull has-white-background-color has-background\"><div class=\"wp-block-group__inner-container is-layout-flow wp-block-group-is-layout-flow\">\n<h6 class=\"wp-block-heading\">Wycieczki po lasach<\/h6>\n\n\n\n<h2 class=\"wp-block-heading\">Piesze w\u0119dr\u00f3wki<\/h2>\n\n\n\n<p>Kaszuby s\u0105 te\u017c doskona\u0142ym miejscem na piesze wycieczki, grzybobranie oraz obcowanie z pi\u0119kn\u0105 natur\u0105.<\/p>\n\n\n\n<figure class=\"wp-block-gallery columns-4 wp-block-gallery-3 is-layout-flex wp-block-gallery-is-layout-flex\"><ul class=\"blocks-gallery-grid\"><li class=\"blocks-gallery-item\"><figure><img loading=\"lazy\" decoding=\"async\" width=\"495\" height=\"539\" src=\"https:\/\/borucino36.pl\/wp-content\/uploads\/2020\/12\/8187F6B0-0E0A-49E6-8959-4B4C333AEABB.jpeg\" alt=\"\" data-id=\"469\" data-full-url=\"https:\/\/borucino36.pl\/wp-content\/uploads\/2020\/12\/8187F6B0-0E0A-49E6-8959-4B4C333AEABB.jpeg\" data-link=\"https:\/\/borucino36.pl\/?attachment_id=469\" class=\"wp-image-469\" srcset=\"https:\/\/borucino36.pl\/wp-content\/uploads\/2020\/12\/8187F6B0-0E0A-49E6-8959-4B4C333AEABB.jpeg 495w, https:\/\/borucino36.pl\/wp-content\/uploads\/2020\/12\/8187F6B0-0E0A-49E6-8959-4B4C333AEABB-276x300.jpeg 276w\" sizes=\"auto, (max-width: 495px) 100vw, 495px\" \/><\/figure><\/li><li class=\"blocks-gallery-item\"><figure><img loading=\"lazy\" decoding=\"async\" width=\"499\" height=\"540\" src=\"https:\/\/borucino36.pl\/wp-content\/uploads\/2020\/12\/393B75EA-5180-4C69-BA97-692A75F5090A.jpeg\" alt=\"\" data-id=\"470\" data-full-url=\"https:\/\/borucino36.pl\/wp-content\/uploads\/2020\/12\/393B75EA-5180-4C69-BA97-692A75F5090A.jpeg\" data-link=\"https:\/\/borucino36.pl\/?attachment_id=470\" class=\"wp-image-470\" srcset=\"https:\/\/borucino36.pl\/wp-content\/uploads\/2020\/12\/393B75EA-5180-4C69-BA97-692A75F5090A.jpeg 499w, https:\/\/borucino36.pl\/wp-content\/uploads\/2020\/12\/393B75EA-5180-4C69-BA97-692A75F5090A-277x300.jpeg 277w\" sizes=\"auto, (max-width: 499px) 100vw, 499px\" \/><\/figure><\/li><li class=\"blocks-gallery-item\"><figure><img loading=\"lazy\" decoding=\"async\" width=\"500\" height=\"540\" src=\"https:\/\/borucino36.pl\/wp-content\/uploads\/2020\/12\/4DCD1D01-352F-4355-8472-72140DD48F2B.jpeg\" alt=\"\" data-id=\"472\" data-full-url=\"https:\/\/borucino36.pl\/wp-content\/uploads\/2020\/12\/4DCD1D01-352F-4355-8472-72140DD48F2B.jpeg\" data-link=\"https:\/\/borucino36.pl\/?attachment_id=472\" class=\"wp-image-472\" srcset=\"https:\/\/borucino36.pl\/wp-content\/uploads\/2020\/12\/4DCD1D01-352F-4355-8472-72140DD48F2B.jpeg 500w, https:\/\/borucino36.pl\/wp-content\/uploads\/2020\/12\/4DCD1D01-352F-4355-8472-72140DD48F2B-278x300.jpeg 278w\" sizes=\"auto, (max-width: 500px) 100vw, 500px\" \/><\/figure><\/li><li class=\"blocks-gallery-item\"><figure><img loading=\"lazy\" decoding=\"async\" width=\"500\" height=\"540\" src=\"https:\/\/borucino36.pl\/wp-content\/uploads\/2020\/12\/E2D41607-D50F-46D2-A01F-46A4807B3FF9.jpeg\" alt=\"\" data-id=\"474\" data-full-url=\"https:\/\/borucino36.pl\/wp-content\/uploads\/2020\/12\/E2D41607-D50F-46D2-A01F-46A4807B3FF9.jpeg\" data-link=\"https:\/\/borucino36.pl\/?attachment_id=474\" class=\"wp-image-474\" srcset=\"https:\/\/borucino36.pl\/wp-content\/uploads\/2020\/12\/E2D41607-D50F-46D2-A01F-46A4807B3FF9.jpeg 500w, https:\/\/borucino36.pl\/wp-content\/uploads\/2020\/12\/E2D41607-D50F-46D2-A01F-46A4807B3FF9-278x300.jpeg 278w\" sizes=\"auto, (max-width: 500px) 100vw, 500px\" \/><\/figure><\/li><\/ul><\/figure>\n<\/div><\/div>\n","protected":false},"excerpt":{"rendered":"<p>Przygoda sporty wodne Atrakcje wodne w okolicznych jeziorach to nurkowanie, \u017cagle, kajaki no i oczywi\u015bcie p\u0142ywanie. Przygoda na \u015bniegu Sporty zimowe Zim\u0105 na Kaszubach mo\u017cna te\u017c poszusowa\u0107 na stoku w Wie\u017cycy, ka\u017cdy znajdzie dla siebie jak\u0105\u015b atrakcj\u0119. Wycieczki po lasach Piesze w\u0119dr\u00f3wki Kaszuby s\u0105 te\u017c doskona\u0142ym miejscem na piesze wycieczki, grzybobranie oraz obcowanie z pi\u0119kn\u0105 [&hellip;]<\/p>\n","protected":false},"author":2,"featured_media":0,"parent":0,"menu_order":0,"comment_status":"closed","ping_status":"closed","template":"","meta":{"_monsterinsights_skip_tracking":false,"_monsterinsights_sitenote_active":false,"_monsterinsights_sitenote_note":"","_monsterinsights_sitenote_category":0,"site-sidebar-layout":"no-sidebar","site-content-layout":"plain-container","ast-site-content-layout":"default","site-content-style":"default","site-sidebar-style":"default","ast-global-header-display":"","ast-banner-title-visibility":"","ast-main-header-display":"","ast-hfb-above-header-display":"","ast-hfb-below-header-display":"","ast-hfb-mobile-header-display":"","site-post-title":"disabled","ast-breadcrumbs-content":"","ast-featured-img":"","footer-sml-layout":"","ast-disable-related-posts":"","theme-transparent-header-meta":"enabled","adv-header-id-meta":"","stick-header-meta":"","header-above-stick-meta":"","header-main-stick-meta":"","header-below-stick-meta":"","astra-migrate-meta-layouts":"default","ast-page-background-enabled":"default","ast-page-background-meta":{"desktop":{"background-color":"var(--ast-global-color-4)","background-image":"","background-repeat":"repeat","background-position":"center center","background-size":"auto","background-attachment":"scroll","background-type":"","background-media":"","overlay-type":"","overlay-color":"","overlay-opacity":"","overlay-gradient":""},"tablet":{"background-color":"","background-image":"","background-repeat":"repeat","background-position":"center center","background-size":"auto","background-attachment":"scroll","background-type":"","background-media":"","overlay-type":"","overlay-color":"","overlay-opacity":"","overlay-gradient":""},"mobile":{"background-color":"","background-image":"","background-repeat":"repeat","background-position":"center center","background-size":"auto","background-attachment":"scroll","background-type":"","background-media":"","overlay-type":"","overlay-color":"","overlay-opacity":"","overlay-gradient":""}},"ast-content-background-meta":{"desktop":{"background-color":"var(--ast-global-color-5)","background-image":"","background-repeat":"repeat","background-position":"center center","background-size":"auto","background-attachment":"scroll","background-type":"","background-media":"","overlay-type":"","overlay-color":"","overlay-opacity":"","overlay-gradient":""},"tablet":{"background-color":"var(--ast-global-color-5)","background-image":"","background-repeat":"repeat","background-position":"center center","background-size":"auto","background-attachment":"scroll","background-type":"","background-media":"","overlay-type":"","overlay-color":"","overlay-opacity":"","overlay-gradient":""},"mobile":{"background-color":"var(--ast-global-color-5)","background-image":"","background-repeat":"repeat","background-position":"center center","background-size":"auto","background-attachment":"scroll","background-type":"","background-media":"","overlay-type":"","overlay-color":"","overlay-opacity":"","overlay-gradient":""}},"footnotes":""},"class_list":["post-130","page","type-page","status-publish","hentry"],"yoast_head":"<!-- This site is optimized with the Yoast SEO plugin v27.4 - https:\/\/yoast.com\/product\/yoast-seo-wordpress\/ -->\n<title>Atrakcje | Borucino36<\/title>\n<meta name=\"robots\" content=\"index, follow, max-snippet:-1, max-image-preview:large, max-video-preview:-1\" \/>\n<link rel=\"canonical\" href=\"https:\/\/borucino36.pl\/?page_id=130\" \/>\n<meta property=\"og:locale\" content=\"pl_PL\" \/>\n<meta property=\"og:type\" content=\"article\" \/>\n<meta property=\"og:title\" content=\"Atrakcje | Borucino36\" \/>\n<meta property=\"og:description\" content=\"Przygoda sporty wodne Atrakcje wodne w okolicznych jeziorach to nurkowanie, \u017cagle, kajaki no i oczywi\u015bcie p\u0142ywanie. Przygoda na \u015bniegu Sporty zimowe Zim\u0105 na Kaszubach mo\u017cna te\u017c poszusowa\u0107 na stoku w Wie\u017cycy, ka\u017cdy znajdzie dla siebie jak\u0105\u015b atrakcj\u0119. Wycieczki po lasach Piesze w\u0119dr\u00f3wki Kaszuby s\u0105 te\u017c doskona\u0142ym miejscem na piesze wycieczki, grzybobranie oraz obcowanie z pi\u0119kn\u0105 [&hellip;]\" \/>\n<meta property=\"og:url\" content=\"https:\/\/borucino36.pl\/?page_id=130\" \/>\n<meta property=\"og:site_name\" content=\"Borucino36\" \/>\n<meta property=\"article:modified_time\" content=\"2020-12-07T09:11:01+00:00\" \/>\n<meta property=\"og:image\" content=\"https:\/\/borucino36.pl\/wp-content\/uploads\/2020\/12\/www_borucino_06.jpg\" \/>\n<meta name=\"twitter:card\" content=\"summary_large_image\" \/>\n<script type=\"application\/ld+json\" class=\"yoast-schema-graph\">{\"@context\":\"https:\\\/\\\/schema.org\",\"@graph\":[{\"@type\":\"WebPage\",\"@id\":\"https:\\\/\\\/borucino36.pl\\\/?page_id=130\",\"url\":\"https:\\\/\\\/borucino36.pl\\\/?page_id=130\",\"name\":\"Atrakcje | Borucino36\",\"isPartOf\":{\"@id\":\"https:\\\/\\\/borucino36.pl\\\/#website\"},\"primaryImageOfPage\":{\"@id\":\"https:\\\/\\\/borucino36.pl\\\/?page_id=130#primaryimage\"},\"image\":{\"@id\":\"https:\\\/\\\/borucino36.pl\\\/?page_id=130#primaryimage\"},\"thumbnailUrl\":\"https:\\\/\\\/borucino36.pl\\\/wp-content\\\/uploads\\\/2020\\\/12\\\/www_borucino_06.jpg\",\"datePublished\":\"2020-09-15T06:48:39+00:00\",\"dateModified\":\"2020-12-07T09:11:01+00:00\",\"breadcrumb\":{\"@id\":\"https:\\\/\\\/borucino36.pl\\\/?page_id=130#breadcrumb\"},\"inLanguage\":\"pl-PL\",\"potentialAction\":[{\"@type\":\"ReadAction\",\"target\":[\"https:\\\/\\\/borucino36.pl\\\/?page_id=130\"]}]},{\"@type\":\"ImageObject\",\"inLanguage\":\"pl-PL\",\"@id\":\"https:\\\/\\\/borucino36.pl\\\/?page_id=130#primaryimage\",\"url\":\"https:\\\/\\\/borucino36.pl\\\/wp-content\\\/uploads\\\/2020\\\/12\\\/www_borucino_06.jpg\",\"contentUrl\":\"https:\\\/\\\/borucino36.pl\\\/wp-content\\\/uploads\\\/2020\\\/12\\\/www_borucino_06.jpg\",\"width\":500,\"height\":540},{\"@type\":\"BreadcrumbList\",\"@id\":\"https:\\\/\\\/borucino36.pl\\\/?page_id=130#breadcrumb\",\"itemListElement\":[{\"@type\":\"ListItem\",\"position\":1,\"name\":\"Strona g\u0142\u00f3wna\",\"item\":\"https:\\\/\\\/borucino36.pl\\\/\"},{\"@type\":\"ListItem\",\"position\":2,\"name\":\"Atrakcje\"}]},{\"@type\":\"WebSite\",\"@id\":\"https:\\\/\\\/borucino36.pl\\\/#website\",\"url\":\"https:\\\/\\\/borucino36.pl\\\/\",\"name\":\"Borucino36\",\"description\":\"Odpoczywajka na Kaszubach\",\"publisher\":{\"@id\":\"https:\\\/\\\/borucino36.pl\\\/#\\\/schema\\\/person\\\/311f3d2c8f775d719776f06def68ac57\"},\"potentialAction\":[{\"@type\":\"SearchAction\",\"target\":{\"@type\":\"EntryPoint\",\"urlTemplate\":\"https:\\\/\\\/borucino36.pl\\\/?s={search_term_string}\"},\"query-input\":{\"@type\":\"PropertyValueSpecification\",\"valueRequired\":true,\"valueName\":\"search_term_string\"}}],\"inLanguage\":\"pl-PL\"},{\"@type\":[\"Person\",\"Organization\"],\"@id\":\"https:\\\/\\\/borucino36.pl\\\/#\\\/schema\\\/person\\\/311f3d2c8f775d719776f06def68ac57\",\"name\":\"Sabina Lewna\",\"image\":{\"@type\":\"ImageObject\",\"inLanguage\":\"pl-PL\",\"@id\":\"https:\\\/\\\/secure.gravatar.com\\\/avatar\\\/b7190c903eb013c21711a00c43c6033779e1b6f39c69a547de5694c5f2f63733?s=96&d=mm&r=g\",\"url\":\"https:\\\/\\\/secure.gravatar.com\\\/avatar\\\/b7190c903eb013c21711a00c43c6033779e1b6f39c69a547de5694c5f2f63733?s=96&d=mm&r=g\",\"contentUrl\":\"https:\\\/\\\/secure.gravatar.com\\\/avatar\\\/b7190c903eb013c21711a00c43c6033779e1b6f39c69a547de5694c5f2f63733?s=96&d=mm&r=g\",\"caption\":\"Sabina Lewna\"},\"logo\":{\"@id\":\"https:\\\/\\\/secure.gravatar.com\\\/avatar\\\/b7190c903eb013c21711a00c43c6033779e1b6f39c69a547de5694c5f2f63733?s=96&d=mm&r=g\"},\"sameAs\":[\"http:\\\/\\\/www.borucino36.pl\"]}]}<\/script>\n<!-- \/ Yoast SEO plugin. -->","yoast_head_json":{"title":"Atrakcje | Borucino36","robots":{"index":"index","follow":"follow","max-snippet":"max-snippet:-1","max-image-preview":"max-image-preview:large","max-video-preview":"max-video-preview:-1"},"canonical":"https:\/\/borucino36.pl\/?page_id=130","og_locale":"pl_PL","og_type":"article","og_title":"Atrakcje | Borucino36","og_description":"Przygoda sporty wodne Atrakcje wodne w okolicznych jeziorach to nurkowanie, \u017cagle, kajaki no i oczywi\u015bcie p\u0142ywanie. Przygoda na \u015bniegu Sporty zimowe Zim\u0105 na Kaszubach mo\u017cna te\u017c poszusowa\u0107 na stoku w Wie\u017cycy, ka\u017cdy znajdzie dla siebie jak\u0105\u015b atrakcj\u0119. Wycieczki po lasach Piesze w\u0119dr\u00f3wki Kaszuby s\u0105 te\u017c doskona\u0142ym miejscem na piesze wycieczki, grzybobranie oraz obcowanie z pi\u0119kn\u0105 [&hellip;]","og_url":"https:\/\/borucino36.pl\/?page_id=130","og_site_name":"Borucino36","article_modified_time":"2020-12-07T09:11:01+00:00","og_image":[{"url":"https:\/\/borucino36.pl\/wp-content\/uploads\/2020\/12\/www_borucino_06.jpg","type":"","width":"","height":""}],"twitter_card":"summary_large_image","schema":{"@context":"https:\/\/schema.org","@graph":[{"@type":"WebPage","@id":"https:\/\/borucino36.pl\/?page_id=130","url":"https:\/\/borucino36.pl\/?page_id=130","name":"Atrakcje | Borucino36","isPartOf":{"@id":"https:\/\/borucino36.pl\/#website"},"primaryImageOfPage":{"@id":"https:\/\/borucino36.pl\/?page_id=130#primaryimage"},"image":{"@id":"https:\/\/borucino36.pl\/?page_id=130#primaryimage"},"thumbnailUrl":"https:\/\/borucino36.pl\/wp-content\/uploads\/2020\/12\/www_borucino_06.jpg","datePublished":"2020-09-15T06:48:39+00:00","dateModified":"2020-12-07T09:11:01+00:00","breadcrumb":{"@id":"https:\/\/borucino36.pl\/?page_id=130#breadcrumb"},"inLanguage":"pl-PL","potentialAction":[{"@type":"ReadAction","target":["https:\/\/borucino36.pl\/?page_id=130"]}]},{"@type":"ImageObject","inLanguage":"pl-PL","@id":"https:\/\/borucino36.pl\/?page_id=130#primaryimage","url":"https:\/\/borucino36.pl\/wp-content\/uploads\/2020\/12\/www_borucino_06.jpg","contentUrl":"https:\/\/borucino36.pl\/wp-content\/uploads\/2020\/12\/www_borucino_06.jpg","width":500,"height":540},{"@type":"BreadcrumbList","@id":"https:\/\/borucino36.pl\/?page_id=130#breadcrumb","itemListElement":[{"@type":"ListItem","position":1,"name":"Strona g\u0142\u00f3wna","item":"https:\/\/borucino36.pl\/"},{"@type":"ListItem","position":2,"name":"Atrakcje"}]},{"@type":"WebSite","@id":"https:\/\/borucino36.pl\/#website","url":"https:\/\/borucino36.pl\/","name":"Borucino36","description":"Odpoczywajka na Kaszubach","publisher":{"@id":"https:\/\/borucino36.pl\/#\/schema\/person\/311f3d2c8f775d719776f06def68ac57"},"potentialAction":[{"@type":"SearchAction","target":{"@type":"EntryPoint","urlTemplate":"https:\/\/borucino36.pl\/?s={search_term_string}"},"query-input":{"@type":"PropertyValueSpecification","valueRequired":true,"valueName":"search_term_string"}}],"inLanguage":"pl-PL"},{"@type":["Person","Organization"],"@id":"https:\/\/borucino36.pl\/#\/schema\/person\/311f3d2c8f775d719776f06def68ac57","name":"Sabina Lewna","image":{"@type":"ImageObject","inLanguage":"pl-PL","@id":"https:\/\/secure.gravatar.com\/avatar\/b7190c903eb013c21711a00c43c6033779e1b6f39c69a547de5694c5f2f63733?s=96&d=mm&r=g","url":"https:\/\/secure.gravatar.com\/avatar\/b7190c903eb013c21711a00c43c6033779e1b6f39c69a547de5694c5f2f63733?s=96&d=mm&r=g","contentUrl":"https:\/\/secure.gravatar.com\/avatar\/b7190c903eb013c21711a00c43c6033779e1b6f39c69a547de5694c5f2f63733?s=96&d=mm&r=g","caption":"Sabina Lewna"},"logo":{"@id":"https:\/\/secure.gravatar.com\/avatar\/b7190c903eb013c21711a00c43c6033779e1b6f39c69a547de5694c5f2f63733?s=96&d=mm&r=g"},"sameAs":["http:\/\/www.borucino36.pl"]}]}},"_links":{"self":[{"href":"https:\/\/borucino36.pl\/index.php?rest_route=\/wp\/v2\/pages\/130","targetHints":{"allow":["GET"]}}],"collection":[{"href":"https:\/\/borucino36.pl\/index.php?rest_route=\/wp\/v2\/pages"}],"about":[{"href":"https:\/\/borucino36.pl\/index.php?rest_route=\/wp\/v2\/types\/page"}],"author":[{"embeddable":true,"href":"https:\/\/borucino36.pl\/index.php?rest_route=\/wp\/v2\/users\/2"}],"replies":[{"embeddable":true,"href":"https:\/\/borucino36.pl\/index.php?rest_route=%2Fwp%2Fv2%2Fcomments&post=130"}],"version-history":[{"count":11,"href":"https:\/\/borucino36.pl\/index.php?rest_route=\/wp\/v2\/pages\/130\/revisions"}],"predecessor-version":[{"id":475,"href":"https:\/\/borucino36.pl\/index.php?rest_route=\/wp\/v2\/pages\/130\/revisions\/475"}],"wp:attachment":[{"href":"https:\/\/borucino36.pl\/index.php?rest_route=%2Fwp%2Fv2%2Fmedia&parent=130"}],"curies":[{"name":"wp","href":"https:\/\/api.w.org\/{rel}","templated":true}]}}