{"id":133,"date":"2020-09-15T06:48:15","date_gmt":"2020-09-15T06:48:15","guid":{"rendered":"https:\/\/borucino36.pl\/?page_id=133"},"modified":"2021-03-22T15:40:36","modified_gmt":"2021-03-22T14:40:36","slug":"home","status":"publish","type":"page","link":"https:\/\/borucino36.pl\/","title":{"rendered":"Home"},"content":{"rendered":"\n<div class=\"wp-block-cover has-background-dim-30 has-background-dim alignfull\" style=\"background-color:#040219;min-height:750px;aspect-ratio:unset;\"><img loading=\"lazy\" decoding=\"async\" width=\"2560\" height=\"1920\" class=\"wp-block-cover__image-background wp-image-201\" alt=\"\" src=\"https:\/\/borucino36.pl\/wp-content\/uploads\/2020\/11\/0EC900F0-21D2-4BCF-94EE-44515974A443-scaled.jpeg\" data-object-fit=\"cover\" srcset=\"https:\/\/borucino36.pl\/wp-content\/uploads\/2020\/11\/0EC900F0-21D2-4BCF-94EE-44515974A443-scaled.jpeg 2560w, https:\/\/borucino36.pl\/wp-content\/uploads\/2020\/11\/0EC900F0-21D2-4BCF-94EE-44515974A443-300x225.jpeg 300w, https:\/\/borucino36.pl\/wp-content\/uploads\/2020\/11\/0EC900F0-21D2-4BCF-94EE-44515974A443-1024x768.jpeg 1024w, https:\/\/borucino36.pl\/wp-content\/uploads\/2020\/11\/0EC900F0-21D2-4BCF-94EE-44515974A443-768x576.jpeg 768w, https:\/\/borucino36.pl\/wp-content\/uploads\/2020\/11\/0EC900F0-21D2-4BCF-94EE-44515974A443-1536x1152.jpeg 1536w, https:\/\/borucino36.pl\/wp-content\/uploads\/2020\/11\/0EC900F0-21D2-4BCF-94EE-44515974A443-2048x1536.jpeg 2048w\" sizes=\"auto, (max-width: 2560px) 100vw, 2560px\" \/><div class=\"wp-block-cover__inner-container is-layout-flow wp-block-cover-is-layout-flow\">\n<h3 class=\"has-text-align-center has-white-color has-text-color wp-block-heading\">Poznaj pi\u0119kno Szwajcarii Kaszubskiej<\/h3>\n\n\n\n<hr class=\"wp-block-separator\"\/>\n\n\n\n<h1 class=\"has-text-align-center has-white-color has-text-color wp-block-heading\">odpoczywajka<\/h1>\n\n\n\n<h1 class=\"has-text-align-center has-white-color has-text-color wp-block-heading\">borucino 36<\/h1>\n\n\n\n<p><\/p>\n\n\n\n<div class=\"wp-block-buttons is-content-justification-center is-layout-flex wp-block-buttons-is-layout-flex\">\n<div class=\"wp-block-button is-style-fill\" id=\"wiecej\"><a class=\"wp-block-button__link\" href=\"#wiecej\">dowiedz si\u0119 wi\u0119cej<\/a><\/div>\n<\/div>\n<\/div><\/div>\n\n\n\n<div class=\"wp-block-group alignfull has-background\" style=\"background-color:#f4f5f9\"><div class=\"wp-block-group__inner-container is-layout-flow wp-block-group-is-layout-flow\">\n<p class=\"has-text-align-center\">&#8222;Miejsce to jest spe\u0142nieniem naszych marze\u0144, oaz\u0105 spokoju, okazj\u0105 do spotka\u0144 w gronie rodziny i przyjaci\u00f3\u0142&#8221;<\/p>\n\n\n\n<p class=\"has-text-align-center\">&#8211; Sabina i Adam<\/p>\n<\/div><\/div>\n\n\n\n<div class=\"wp-block-group alignfull has-white-background-color has-background\"><div class=\"wp-block-group__inner-container is-layout-flow wp-block-group-is-layout-flow\">\n<h2 class=\"has-text-align-center wp-block-heading\">Poznaj nasz\u0105 ofert\u0119<\/h2>\n\n\n\n<div class=\"wp-block-columns alignwide is-layout-flex wp-container-core-columns-is-layout-28f84493 wp-block-columns-is-layout-flex\">\n<div class=\"wp-block-column is-layout-flow wp-block-column-is-layout-flow\">\n<div class=\"wp-block-group\"><div class=\"wp-block-group__inner-container is-layout-flow wp-block-group-is-layout-flow\">\n<div id=\"wiecej\" class=\"wp-block-image\"><figure class=\"aligncenter size-large\"><img loading=\"lazy\" decoding=\"async\" width=\"1024\" height=\"684\" src=\"https:\/\/borucino36.pl\/wp-content\/uploads\/2020\/11\/IMG0856-s-1-1024x684.jpg\" alt=\"\" class=\"wp-image-144\" srcset=\"https:\/\/borucino36.pl\/wp-content\/uploads\/2020\/11\/IMG0856-s-1-1024x684.jpg 1024w, https:\/\/borucino36.pl\/wp-content\/uploads\/2020\/11\/IMG0856-s-1-300x200.jpg 300w, https:\/\/borucino36.pl\/wp-content\/uploads\/2020\/11\/IMG0856-s-1-768x513.jpg 768w, https:\/\/borucino36.pl\/wp-content\/uploads\/2020\/11\/IMG0856-s-1-1536x1025.jpg 1536w, https:\/\/borucino36.pl\/wp-content\/uploads\/2020\/11\/IMG0856-s-1.jpg 2000w\" sizes=\"auto, (max-width: 1024px) 100vw, 1024px\" \/><\/figure><\/div>\n\n\n\n<h5 class=\"has-text-align-center wp-block-heading\">Domek pod brzozami<\/h5>\n\n\n\n<p class=\"has-text-align-center\">To klimatyczny salon z aneksem kuchennym w pe\u0142ni wyposa\u017conym na poddaszu &#8211; sypialnia 2os i&nbsp; ma\u0142y pokoik dedykowany g\u0142\u00f3wnie dzieciom.&nbsp;Uroku dodaje&nbsp; klimatyczna weranda gdzie mo\u017cna mi\u0142o sp\u0119dzi\u0107 czas,&nbsp;do dyspozycji go\u015bci bania, sauna, grilownia, piec chlebowy, plac zabaw dla dzieci<\/p>\n\n\n\n<div class=\"wp-block-buttons is-content-justification-center is-layout-flex wp-block-buttons-is-layout-flex\">\n<div class=\"wp-block-button\" id=\"pod_brzozami\"><a class=\"wp-block-button__link\" href=\"https:\/\/borucino36.pl\/?page_id=131\" rel=\"https:\/\/borucino36.pl\/?page_id=131\">zobacz wi\u0119cej<\/a><\/div>\n<\/div>\n<\/div><\/div>\n<\/div>\n\n\n\n<div class=\"wp-block-column is-layout-flow wp-block-column-is-layout-flow\">\n<div class=\"wp-block-group\"><div class=\"wp-block-group__inner-container is-layout-flow wp-block-group-is-layout-flow\">\n<div class=\"wp-block-image\"><figure class=\"aligncenter size-large\"><img loading=\"lazy\" decoding=\"async\" width=\"1024\" height=\"684\" src=\"https:\/\/borucino36.pl\/wp-content\/uploads\/2020\/11\/IMG0894-s-1024x684.jpg\" alt=\"\" class=\"wp-image-143\" srcset=\"https:\/\/borucino36.pl\/wp-content\/uploads\/2020\/11\/IMG0894-s-1024x684.jpg 1024w, https:\/\/borucino36.pl\/wp-content\/uploads\/2020\/11\/IMG0894-s-300x200.jpg 300w, https:\/\/borucino36.pl\/wp-content\/uploads\/2020\/11\/IMG0894-s-768x513.jpg 768w, https:\/\/borucino36.pl\/wp-content\/uploads\/2020\/11\/IMG0894-s-1536x1025.jpg 1536w, https:\/\/borucino36.pl\/wp-content\/uploads\/2020\/11\/IMG0894-s.jpg 2000w\" sizes=\"auto, (max-width: 1024px) 100vw, 1024px\" \/><\/figure><\/div>\n\n\n\n<h5 class=\"has-text-align-center wp-block-heading\">Modrzewiowy dom<\/h5>\n\n\n\n<p class=\"has-text-align-center\">Dom modrzewiowy to du\u017cy dom z czterema dwuosobowymi sypialniami oraz jedn\u0105 sypialni\u0105 czteroosobow\u0105 (dla dzieci), w pe\u0142ni wyposa\u017con\u0105 kuchni\u0105, salonem z kominkiem oraz du\u017c\u0105 jadalni\u0105. W domu znajduje si\u0119 r\u00f3wnie\u017c si\u0142ownia. Do dyspozycji go\u015bci bania, sauna, grilownia oraz piec chlebowy.<\/p>\n\n\n\n<div class=\"wp-block-buttons is-content-justification-center is-layout-flex wp-block-buttons-is-layout-flex\">\n<div class=\"wp-block-button\"><a class=\"wp-block-button__link\" href=\"https:\/\/borucino36.pl\/?page_id=131\">zobacz wi\u0119cej<\/a><\/div>\n<\/div>\n<\/div><\/div>\n<\/div>\n<\/div>\n<\/div><\/div>\n\n\n\n<div class=\"wp-block-cover alignfull has-background-dim has-parallax\" style=\"background-image:url(https:\/\/borucino36.pl\/wp-content\/uploads\/2020\/11\/IMG0868-s.jpg);background-color:#040219;min-height:600px;aspect-ratio:unset;\"><div class=\"wp-block-cover__inner-container is-layout-flow wp-block-cover-is-layout-flow\">\n<div class=\"wp-block-columns alignwide are-vertically-aligned-center is-layout-flex wp-container-core-columns-is-layout-28f84493 wp-block-columns-is-layout-flex\">\n<div class=\"wp-block-column is-vertically-aligned-center is-layout-flow wp-block-column-is-layout-flow\"><\/div>\n\n\n\n<div class=\"wp-block-column is-vertically-aligned-center is-layout-flow wp-block-column-is-layout-flow\">\n<h2 class=\"has-white-color has-text-color wp-block-heading\">Exploruj pi\u0119kno kaszub<\/h2>\n\n\n\n<hr class=\"wp-block-separator is-style-wide\"\/>\n\n\n\n<p class=\"has-white-color has-text-color\">Tutaj mo\u017cemy doda\u0107 informacje na temat lokalnych atrakcji kt\u00f3re dost\u0119pne s\u0105 dla ka\u017cdego w okolicy &#8211; typu jeziora, lasy na wycieczki piesze i rowerowe, nurkowanie itp<\/p>\n\n\n\n<div class=\"wp-block-buttons is-layout-flex wp-block-buttons-is-layout-flex\">\n<div class=\"wp-block-button\"><a class=\"wp-block-button__link\" href=\"https:\/\/borucino36.pl\/?page_id=130\">Dowiedz si\u0119 wi\u0119cej<\/a><\/div>\n<\/div>\n<\/div>\n<\/div>\n<\/div><\/div>\n\n\n\n<div class=\"wp-block-group alignfull has-white-background-color has-background\"><div class=\"wp-block-group__inner-container is-layout-flow wp-block-group-is-layout-flow\">\n<div class=\"wp-block-columns alignwide are-vertically-aligned-center is-layout-flex wp-container-core-columns-is-layout-28f84493 wp-block-columns-is-layout-flex\">\n<div class=\"wp-block-column is-vertically-aligned-center is-layout-flow wp-block-column-is-layout-flow\" style=\"flex-basis:33.33%\">\n<h2 class=\"wp-block-heading\">Poznaj bardziej nasze siedlisko<\/h2>\n\n\n\n<p>Zapraszamy do zapoznania si\u0119 z nasz\u0105 ofert\u0105 bazy noclegowej oraz wszystkich dodatkowych atrakcji <\/p>\n\n\n\n<div class=\"wp-block-buttons is-layout-flex wp-block-buttons-is-layout-flex\">\n<div class=\"wp-block-button\"><a class=\"wp-block-button__link\" href=\"https:\/\/borucino36.pl\/?page_id=131\">dowiedz si\u0119 wi\u0119cej<\/a><\/div>\n<\/div>\n<\/div>\n\n\n\n<div class=\"wp-block-column is-vertically-aligned-center is-layout-flow wp-block-column-is-layout-flow\" style=\"flex-basis:66.66%\">\n<figure class=\"wp-block-gallery columns-2 wp-block-gallery-1 is-layout-flex wp-block-gallery-is-layout-flex\"><ul class=\"blocks-gallery-grid\"><li class=\"blocks-gallery-item\"><figure><img loading=\"lazy\" decoding=\"async\" width=\"1024\" height=\"684\" src=\"https:\/\/borucino36.pl\/wp-content\/uploads\/2020\/11\/IMG0908-s-1024x684.jpg\" alt=\"\" data-id=\"153\" data-full-url=\"https:\/\/borucino36.pl\/wp-content\/uploads\/2020\/11\/IMG0908-s.jpg\" data-link=\"https:\/\/borucino36.pl\/?attachment_id=153\" class=\"wp-image-153\" srcset=\"https:\/\/borucino36.pl\/wp-content\/uploads\/2020\/11\/IMG0908-s-1024x684.jpg 1024w, https:\/\/borucino36.pl\/wp-content\/uploads\/2020\/11\/IMG0908-s-300x200.jpg 300w, https:\/\/borucino36.pl\/wp-content\/uploads\/2020\/11\/IMG0908-s-768x513.jpg 768w, https:\/\/borucino36.pl\/wp-content\/uploads\/2020\/11\/IMG0908-s-1536x1025.jpg 1536w, https:\/\/borucino36.pl\/wp-content\/uploads\/2020\/11\/IMG0908-s.jpg 2000w\" sizes=\"auto, (max-width: 1024px) 100vw, 1024px\" \/><\/figure><\/li><li class=\"blocks-gallery-item\"><figure><img loading=\"lazy\" decoding=\"async\" width=\"1024\" height=\"684\" src=\"https:\/\/borucino36.pl\/wp-content\/uploads\/2020\/11\/IMG0865-s-1024x684.jpg\" alt=\"\" data-id=\"154\" data-full-url=\"https:\/\/borucino36.pl\/wp-content\/uploads\/2020\/11\/IMG0865-s.jpg\" data-link=\"https:\/\/borucino36.pl\/?attachment_id=154\" class=\"wp-image-154\" srcset=\"https:\/\/borucino36.pl\/wp-content\/uploads\/2020\/11\/IMG0865-s-1024x684.jpg 1024w, https:\/\/borucino36.pl\/wp-content\/uploads\/2020\/11\/IMG0865-s-300x200.jpg 300w, https:\/\/borucino36.pl\/wp-content\/uploads\/2020\/11\/IMG0865-s-768x513.jpg 768w, https:\/\/borucino36.pl\/wp-content\/uploads\/2020\/11\/IMG0865-s-1536x1025.jpg 1536w, https:\/\/borucino36.pl\/wp-content\/uploads\/2020\/11\/IMG0865-s.jpg 2000w\" sizes=\"auto, (max-width: 1024px) 100vw, 1024px\" \/><\/figure><\/li><li class=\"blocks-gallery-item\"><figure><img loading=\"lazy\" decoding=\"async\" width=\"1024\" height=\"682\" src=\"https:\/\/borucino36.pl\/wp-content\/uploads\/2020\/11\/IMG1069-s-1024x682.jpg\" alt=\"Processed with VSCO with kc25 preset\" data-id=\"157\" data-full-url=\"https:\/\/borucino36.pl\/wp-content\/uploads\/2020\/11\/IMG1069-s.jpg\" data-link=\"https:\/\/borucino36.pl\/?attachment_id=157\" class=\"wp-image-157\"\/><figcaption class=\"blocks-gallery-item__caption\">Processed with VSCO with kc25 preset<\/figcaption><\/figure><\/li><li class=\"blocks-gallery-item\"><figure><img loading=\"lazy\" decoding=\"async\" width=\"1024\" height=\"682\" src=\"https:\/\/borucino36.pl\/wp-content\/uploads\/2020\/11\/IMG1068-s-1024x682.jpg\" alt=\"\" data-id=\"155\" data-full-url=\"https:\/\/borucino36.pl\/wp-content\/uploads\/2020\/11\/IMG1068-s.jpg\" data-link=\"https:\/\/borucino36.pl\/?attachment_id=155\" class=\"wp-image-155\" srcset=\"https:\/\/borucino36.pl\/wp-content\/uploads\/2020\/11\/IMG1068-s-1024x682.jpg 1024w, https:\/\/borucino36.pl\/wp-content\/uploads\/2020\/11\/IMG1068-s-300x200.jpg 300w, https:\/\/borucino36.pl\/wp-content\/uploads\/2020\/11\/IMG1068-s-768x512.jpg 768w, https:\/\/borucino36.pl\/wp-content\/uploads\/2020\/11\/IMG1068-s-1536x1024.jpg 1536w, https:\/\/borucino36.pl\/wp-content\/uploads\/2020\/11\/IMG1068-s.jpg 2000w\" sizes=\"auto, (max-width: 1024px) 100vw, 1024px\" \/><\/figure><\/li><\/ul><\/figure>\n<\/div>\n<\/div>\n<\/div><\/div>\n","protected":false},"excerpt":{"rendered":"<p>&#8222;Miejsce to jest spe\u0142nieniem naszych marze\u0144, oaz\u0105 spokoju, okazj\u0105 do spotka\u0144 w gronie rodziny i przyjaci\u00f3\u0142&#8221; &#8211; Sabina i Adam Poznaj nasz\u0105 ofert\u0119 Domek pod brzozami To klimatyczny salon z aneksem kuchennym w pe\u0142ni wyposa\u017conym na poddaszu &#8211; sypialnia 2os i&nbsp; ma\u0142y pokoik dedykowany g\u0142\u00f3wnie dzieciom.&nbsp;Uroku dodaje&nbsp; klimatyczna weranda gdzie mo\u017cna mi\u0142o sp\u0119dzi\u0107 czas,&nbsp;do dyspozycji [&hellip;]<\/p>\n","protected":false},"author":2,"featured_media":0,"parent":0,"menu_order":0,"comment_status":"closed","ping_status":"closed","template":"","meta":{"_monsterinsights_skip_tracking":false,"_monsterinsights_sitenote_active":false,"_monsterinsights_sitenote_note":"","_monsterinsights_sitenote_category":0,"site-sidebar-layout":"no-sidebar","site-content-layout":"plain-container","ast-site-content-layout":"default","site-content-style":"default","site-sidebar-style":"default","ast-global-header-display":"","ast-banner-title-visibility":"","ast-main-header-display":"","ast-hfb-above-header-display":"","ast-hfb-below-header-display":"","ast-hfb-mobile-header-display":"","site-post-title":"disabled","ast-breadcrumbs-content":"","ast-featured-img":"","footer-sml-layout":"","ast-disable-related-posts":"","theme-transparent-header-meta":"enabled","adv-header-id-meta":"","stick-header-meta":"","header-above-stick-meta":"","header-main-stick-meta":"","header-below-stick-meta":"","astra-migrate-meta-layouts":"default","ast-page-background-enabled":"default","ast-page-background-meta":{"desktop":{"background-color":"var(--ast-global-color-4)","background-image":"","background-repeat":"repeat","background-position":"center center","background-size":"auto","background-attachment":"scroll","background-type":"","background-media":"","overlay-type":"","overlay-color":"","overlay-opacity":"","overlay-gradient":""},"tablet":{"background-color":"","background-image":"","background-repeat":"repeat","background-position":"center center","background-size":"auto","background-attachment":"scroll","background-type":"","background-media":"","overlay-type":"","overlay-color":"","overlay-opacity":"","overlay-gradient":""},"mobile":{"background-color":"","background-image":"","background-repeat":"repeat","background-position":"center center","background-size":"auto","background-attachment":"scroll","background-type":"","background-media":"","overlay-type":"","overlay-color":"","overlay-opacity":"","overlay-gradient":""}},"ast-content-background-meta":{"desktop":{"background-color":"var(--ast-global-color-5)","background-image":"","background-repeat":"repeat","background-position":"center center","background-size":"auto","background-attachment":"scroll","background-type":"","background-media":"","overlay-type":"","overlay-color":"","overlay-opacity":"","overlay-gradient":""},"tablet":{"background-color":"var(--ast-global-color-5)","background-image":"","background-repeat":"repeat","background-position":"center center","background-size":"auto","background-attachment":"scroll","background-type":"","background-media":"","overlay-type":"","overlay-color":"","overlay-opacity":"","overlay-gradient":""},"mobile":{"background-color":"var(--ast-global-color-5)","background-image":"","background-repeat":"repeat","background-position":"center center","background-size":"auto","background-attachment":"scroll","background-type":"","background-media":"","overlay-type":"","overlay-color":"","overlay-opacity":"","overlay-gradient":""}},"footnotes":""},"class_list":["post-133","page","type-page","status-publish","hentry"],"yoast_head":"<!-- This site is optimized with the Yoast SEO plugin v27.4 - https:\/\/yoast.com\/product\/yoast-seo-wordpress\/ -->\n<title>Home | Borucino36<\/title>\n<meta name=\"robots\" content=\"index, follow, max-snippet:-1, max-image-preview:large, max-video-preview:-1\" \/>\n<link rel=\"canonical\" href=\"https:\/\/borucino36.pl\/\" \/>\n<meta property=\"og:locale\" content=\"pl_PL\" \/>\n<meta property=\"og:type\" content=\"article\" \/>\n<meta property=\"og:title\" content=\"Home | Borucino36\" \/>\n<meta property=\"og:description\" content=\"&#8222;Miejsce to jest spe\u0142nieniem naszych marze\u0144, oaz\u0105 spokoju, okazj\u0105 do spotka\u0144 w gronie rodziny i przyjaci\u00f3\u0142&#8221; &#8211; Sabina i Adam Poznaj nasz\u0105 ofert\u0119 Domek pod brzozami To klimatyczny salon z aneksem kuchennym w pe\u0142ni wyposa\u017conym na poddaszu &#8211; sypialnia 2os i&nbsp; ma\u0142y pokoik dedykowany g\u0142\u00f3wnie dzieciom.&nbsp;Uroku dodaje&nbsp; klimatyczna weranda gdzie mo\u017cna mi\u0142o sp\u0119dzi\u0107 czas,&nbsp;do dyspozycji [&hellip;]\" \/>\n<meta property=\"og:url\" content=\"https:\/\/borucino36.pl\/\" \/>\n<meta property=\"og:site_name\" content=\"Borucino36\" \/>\n<meta property=\"article:modified_time\" content=\"2021-03-22T14:40:36+00:00\" \/>\n<meta property=\"og:image\" content=\"https:\/\/borucino36.pl\/wp-content\/uploads\/2020\/11\/0EC900F0-21D2-4BCF-94EE-44515974A443-scaled.jpeg\" \/>\n<meta name=\"twitter:card\" content=\"summary_large_image\" \/>\n<meta name=\"twitter:label1\" content=\"Szacowany czas czytania\" \/>\n\t<meta name=\"twitter:data1\" content=\"3 minuty\" \/>\n<script type=\"application\/ld+json\" class=\"yoast-schema-graph\">{\"@context\":\"https:\\\/\\\/schema.org\",\"@graph\":[{\"@type\":\"WebPage\",\"@id\":\"https:\\\/\\\/borucino36.pl\\\/\",\"url\":\"https:\\\/\\\/borucino36.pl\\\/\",\"name\":\"Home | Borucino36\",\"isPartOf\":{\"@id\":\"https:\\\/\\\/borucino36.pl\\\/#website\"},\"primaryImageOfPage\":{\"@id\":\"https:\\\/\\\/borucino36.pl\\\/#primaryimage\"},\"image\":{\"@id\":\"https:\\\/\\\/borucino36.pl\\\/#primaryimage\"},\"thumbnailUrl\":\"https:\\\/\\\/borucino36.pl\\\/wp-content\\\/uploads\\\/2020\\\/11\\\/0EC900F0-21D2-4BCF-94EE-44515974A443-scaled.jpeg\",\"datePublished\":\"2020-09-15T06:48:15+00:00\",\"dateModified\":\"2021-03-22T14:40:36+00:00\",\"breadcrumb\":{\"@id\":\"https:\\\/\\\/borucino36.pl\\\/#breadcrumb\"},\"inLanguage\":\"pl-PL\",\"potentialAction\":[{\"@type\":\"ReadAction\",\"target\":[\"https:\\\/\\\/borucino36.pl\\\/\"]}]},{\"@type\":\"ImageObject\",\"inLanguage\":\"pl-PL\",\"@id\":\"https:\\\/\\\/borucino36.pl\\\/#primaryimage\",\"url\":\"https:\\\/\\\/borucino36.pl\\\/wp-content\\\/uploads\\\/2020\\\/11\\\/0EC900F0-21D2-4BCF-94EE-44515974A443-scaled.jpeg\",\"contentUrl\":\"https:\\\/\\\/borucino36.pl\\\/wp-content\\\/uploads\\\/2020\\\/11\\\/0EC900F0-21D2-4BCF-94EE-44515974A443-scaled.jpeg\",\"width\":2560,\"height\":1920,\"caption\":\"DCIM101MEDIADJI_0072.JPG\"},{\"@type\":\"BreadcrumbList\",\"@id\":\"https:\\\/\\\/borucino36.pl\\\/#breadcrumb\",\"itemListElement\":[{\"@type\":\"ListItem\",\"position\":1,\"name\":\"Strona g\u0142\u00f3wna\",\"item\":\"https:\\\/\\\/borucino36.pl\\\/\"},{\"@type\":\"ListItem\",\"position\":2,\"name\":\"Home\"}]},{\"@type\":\"WebSite\",\"@id\":\"https:\\\/\\\/borucino36.pl\\\/#website\",\"url\":\"https:\\\/\\\/borucino36.pl\\\/\",\"name\":\"Borucino36\",\"description\":\"Odpoczywajka na Kaszubach\",\"publisher\":{\"@id\":\"https:\\\/\\\/borucino36.pl\\\/#\\\/schema\\\/person\\\/311f3d2c8f775d719776f06def68ac57\"},\"potentialAction\":[{\"@type\":\"SearchAction\",\"target\":{\"@type\":\"EntryPoint\",\"urlTemplate\":\"https:\\\/\\\/borucino36.pl\\\/?s={search_term_string}\"},\"query-input\":{\"@type\":\"PropertyValueSpecification\",\"valueRequired\":true,\"valueName\":\"search_term_string\"}}],\"inLanguage\":\"pl-PL\"},{\"@type\":[\"Person\",\"Organization\"],\"@id\":\"https:\\\/\\\/borucino36.pl\\\/#\\\/schema\\\/person\\\/311f3d2c8f775d719776f06def68ac57\",\"name\":\"Sabina Lewna\",\"image\":{\"@type\":\"ImageObject\",\"inLanguage\":\"pl-PL\",\"@id\":\"https:\\\/\\\/secure.gravatar.com\\\/avatar\\\/b7190c903eb013c21711a00c43c6033779e1b6f39c69a547de5694c5f2f63733?s=96&d=mm&r=g\",\"url\":\"https:\\\/\\\/secure.gravatar.com\\\/avatar\\\/b7190c903eb013c21711a00c43c6033779e1b6f39c69a547de5694c5f2f63733?s=96&d=mm&r=g\",\"contentUrl\":\"https:\\\/\\\/secure.gravatar.com\\\/avatar\\\/b7190c903eb013c21711a00c43c6033779e1b6f39c69a547de5694c5f2f63733?s=96&d=mm&r=g\",\"caption\":\"Sabina Lewna\"},\"logo\":{\"@id\":\"https:\\\/\\\/secure.gravatar.com\\\/avatar\\\/b7190c903eb013c21711a00c43c6033779e1b6f39c69a547de5694c5f2f63733?s=96&d=mm&r=g\"},\"sameAs\":[\"http:\\\/\\\/www.borucino36.pl\"]}]}<\/script>\n<!-- \/ Yoast SEO plugin. -->","yoast_head_json":{"title":"Home | Borucino36","robots":{"index":"index","follow":"follow","max-snippet":"max-snippet:-1","max-image-preview":"max-image-preview:large","max-video-preview":"max-video-preview:-1"},"canonical":"https:\/\/borucino36.pl\/","og_locale":"pl_PL","og_type":"article","og_title":"Home | Borucino36","og_description":"&#8222;Miejsce to jest spe\u0142nieniem naszych marze\u0144, oaz\u0105 spokoju, okazj\u0105 do spotka\u0144 w gronie rodziny i przyjaci\u00f3\u0142&#8221; &#8211; Sabina i Adam Poznaj nasz\u0105 ofert\u0119 Domek pod brzozami To klimatyczny salon z aneksem kuchennym w pe\u0142ni wyposa\u017conym na poddaszu &#8211; sypialnia 2os i&nbsp; ma\u0142y pokoik dedykowany g\u0142\u00f3wnie dzieciom.&nbsp;Uroku dodaje&nbsp; klimatyczna weranda gdzie mo\u017cna mi\u0142o sp\u0119dzi\u0107 czas,&nbsp;do dyspozycji [&hellip;]","og_url":"https:\/\/borucino36.pl\/","og_site_name":"Borucino36","article_modified_time":"2021-03-22T14:40:36+00:00","og_image":[{"url":"https:\/\/borucino36.pl\/wp-content\/uploads\/2020\/11\/0EC900F0-21D2-4BCF-94EE-44515974A443-scaled.jpeg","type":"","width":"","height":""}],"twitter_card":"summary_large_image","twitter_misc":{"Szacowany czas czytania":"3 minuty"},"schema":{"@context":"https:\/\/schema.org","@graph":[{"@type":"WebPage","@id":"https:\/\/borucino36.pl\/","url":"https:\/\/borucino36.pl\/","name":"Home | Borucino36","isPartOf":{"@id":"https:\/\/borucino36.pl\/#website"},"primaryImageOfPage":{"@id":"https:\/\/borucino36.pl\/#primaryimage"},"image":{"@id":"https:\/\/borucino36.pl\/#primaryimage"},"thumbnailUrl":"https:\/\/borucino36.pl\/wp-content\/uploads\/2020\/11\/0EC900F0-21D2-4BCF-94EE-44515974A443-scaled.jpeg","datePublished":"2020-09-15T06:48:15+00:00","dateModified":"2021-03-22T14:40:36+00:00","breadcrumb":{"@id":"https:\/\/borucino36.pl\/#breadcrumb"},"inLanguage":"pl-PL","potentialAction":[{"@type":"ReadAction","target":["https:\/\/borucino36.pl\/"]}]},{"@type":"ImageObject","inLanguage":"pl-PL","@id":"https:\/\/borucino36.pl\/#primaryimage","url":"https:\/\/borucino36.pl\/wp-content\/uploads\/2020\/11\/0EC900F0-21D2-4BCF-94EE-44515974A443-scaled.jpeg","contentUrl":"https:\/\/borucino36.pl\/wp-content\/uploads\/2020\/11\/0EC900F0-21D2-4BCF-94EE-44515974A443-scaled.jpeg","width":2560,"height":1920,"caption":"DCIM101MEDIADJI_0072.JPG"},{"@type":"BreadcrumbList","@id":"https:\/\/borucino36.pl\/#breadcrumb","itemListElement":[{"@type":"ListItem","position":1,"name":"Strona g\u0142\u00f3wna","item":"https:\/\/borucino36.pl\/"},{"@type":"ListItem","position":2,"name":"Home"}]},{"@type":"WebSite","@id":"https:\/\/borucino36.pl\/#website","url":"https:\/\/borucino36.pl\/","name":"Borucino36","description":"Odpoczywajka na Kaszubach","publisher":{"@id":"https:\/\/borucino36.pl\/#\/schema\/person\/311f3d2c8f775d719776f06def68ac57"},"potentialAction":[{"@type":"SearchAction","target":{"@type":"EntryPoint","urlTemplate":"https:\/\/borucino36.pl\/?s={search_term_string}"},"query-input":{"@type":"PropertyValueSpecification","valueRequired":true,"valueName":"search_term_string"}}],"inLanguage":"pl-PL"},{"@type":["Person","Organization"],"@id":"https:\/\/borucino36.pl\/#\/schema\/person\/311f3d2c8f775d719776f06def68ac57","name":"Sabina Lewna","image":{"@type":"ImageObject","inLanguage":"pl-PL","@id":"https:\/\/secure.gravatar.com\/avatar\/b7190c903eb013c21711a00c43c6033779e1b6f39c69a547de5694c5f2f63733?s=96&d=mm&r=g","url":"https:\/\/secure.gravatar.com\/avatar\/b7190c903eb013c21711a00c43c6033779e1b6f39c69a547de5694c5f2f63733?s=96&d=mm&r=g","contentUrl":"https:\/\/secure.gravatar.com\/avatar\/b7190c903eb013c21711a00c43c6033779e1b6f39c69a547de5694c5f2f63733?s=96&d=mm&r=g","caption":"Sabina Lewna"},"logo":{"@id":"https:\/\/secure.gravatar.com\/avatar\/b7190c903eb013c21711a00c43c6033779e1b6f39c69a547de5694c5f2f63733?s=96&d=mm&r=g"},"sameAs":["http:\/\/www.borucino36.pl"]}]}},"_links":{"self":[{"href":"https:\/\/borucino36.pl\/index.php?rest_route=\/wp\/v2\/pages\/133","targetHints":{"allow":["GET"]}}],"collection":[{"href":"https:\/\/borucino36.pl\/index.php?rest_route=\/wp\/v2\/pages"}],"about":[{"href":"https:\/\/borucino36.pl\/index.php?rest_route=\/wp\/v2\/types\/page"}],"author":[{"embeddable":true,"href":"https:\/\/borucino36.pl\/index.php?rest_route=\/wp\/v2\/users\/2"}],"replies":[{"embeddable":true,"href":"https:\/\/borucino36.pl\/index.php?rest_route=%2Fwp%2Fv2%2Fcomments&post=133"}],"version-history":[{"count":38,"href":"https:\/\/borucino36.pl\/index.php?rest_route=\/wp\/v2\/pages\/133\/revisions"}],"predecessor-version":[{"id":616,"href":"https:\/\/borucino36.pl\/index.php?rest_route=\/wp\/v2\/pages\/133\/revisions\/616"}],"wp:attachment":[{"href":"https:\/\/borucino36.pl\/index.php?rest_route=%2Fwp%2Fv2%2Fmedia&parent=133"}],"curies":[{"name":"wp","href":"https:\/\/api.w.org\/{rel}","templated":true}]}}